ime?
True
Is 1516623967 composite?
True
Is 2747174377 composite?
False
Is 1978185927 prime?
False
Is 4607849483 prime?
True
Is 57290511713 a composite number?
True
Is 8311179439 a prime number?
True
Is 15132594011 a composite number?
True
Is 3750657121 a composite number?
False
Is 2410499249 a prime number?
True
Is 384230003 composite?
False
Is 3814200701 a prime number?
True
Is 5185462153 a composite number?
True
Is 3026379327 a prime number?
False
Is 4607961851 a composite number?
False
Is 3364443422 a prime number?
False
Is 2377304547 prime?
False
Is 10376885527 composite?
True
Is 172627475491 a prime number?
True
Is 3586646351 a composite number?
False
Is 3245880853 composite?
False
Is 31674473977 prime?
True
Is 2674102127 composite?
False
Is 3002424086 composite?
True
Is 689735671 prime?
False
Is 13171896791 composite?
False
Is 25500301163 a prime number?
True
Is 870626461 composite?
True
Is 118720835773 composite?
False
Is 446288779 prime?
False
Is 59477081 composite?
False
Is 56828511653 a prime number?
False
Is 2743807837 a composite number?
True
Is 477616417 a composite number?
False
Is 6302751419 a composite number?
True
Is 862218839 prime?
True
Is 344848241 a prime number?
True
Is 888503789 a prime number?
True
Is 4058050299 prime?
False
Is 10300075327 a composite number?
True
Is 90032449781 prime?
True
Is 15674267353 prime?
True
Is 209816831219 prime?
True
Is 507691649 a prime number?
True
Is 1377876271 a prime number?
True
Is 2226074215 prime?
False
Is 497595905 a composite number?
True
Is 29463474631 a composite number?
True
Is 37744019179 a prime number?
True
Is 486776341 composite?
False
Is 35763071369 a prime number?
False
Is 42739363 prime?
True
Is 9470731 composite?
False
Is 6751069097 a composite number?
False
Is 782434171 prime?
False
Is 262549306 a composite number?
True
Is 237403141 prime?
True
Is 26495362618 a prime number?
False
Is 980418697 a prime number?
True
Is 2430035417 prime?
False
Is 13146015983 a prime number?
False
Is 1396458617 a prime number?
True
Is 533150567 prime?
False
Is 366768022 composite?
True
Is 27716075587 a prime number?
False
Is 61553230379 prime?
True
Is 2804688581 a prime number?
False
Is 1999865239 prime?
False
Is 250222985 composite?
True
Is 54307686827 composite?
False
Is 70472278469 a prime number?
True
Is 3780560227 composite?
True
Is 2344380079 prime?
False
Is 4659902553 prime?
False
Is 7894840559 prime?
True
Is 1679454793 prime?
False
Is 106649343067 a prime number?
True
Is 10829388571 prime?
True
Is 40505530511 composite?
True
Is 689201489 a composite number?
False
Is 4827723799 composite?
True
Is 3623868691 composite?
True
Is 14945081993 composite?
True
Is 112871281013 a prime number?
False
Is 27348998889 a prime number?
False
Is 315429426293 composite?
False
Is 4268341438 prime?
False
Is 7201678717 a prime number?
False
Is 1048428047 a prime number?
False
Is 1252536657 composite?
True
Is 5686159173 prime?
False
Is 885427679 prime?
True
Is 785588533 a composite number?
True
Is 221386393 a prime number?
False
Is 6726577523 a composite number?
True
Is 970981967 a composite number?
True
Is 27522109661 composite?
False
Is 630282673 a composite number?
False
Is 8117893283 composite?
False
Is 15227637407 a prime number?
True
Is 1057917493 composite?
True
Is 1076490133 a prime number?
False
Is 1196733959 a prime number?
True
Is 514230373 a prime number?
True
Is 155323162193 a prime number?
True
Is 46886368741 a composite number?
False
Is 2260143931 a composite number?
True
Is 204598795 a composite number?
True
Is 3963304679 prime?
True
Is 814774405 a prime number?
False
Is 39518260139 composite?
True
Is 158611801 a prime number?
True
Is 392917421 a composite number?
True
Is 265780819 a composite number?
True
Is 369231221 prime?
False
Is 1645499389 composite?
True
Is 30804589927 a prime number?
False
Is 2046806857 prime?
False
Is 13377379151 prime?
False
Is 147605009 prime?
True
Is 14520889333 composite?
True
Is 21930582571 composite?
False
Is 857551712943 prime?
False
Is 3804699 a composite number?
True
Is 3779424097 prime?
True
Is 8058731 a composite number?
True
Is 334461801 prime?
False
Is 26997279731 a prime number?
True
Is 229137949 prime?
True
Is 44962155439 a prime number?
True
Is 76999512583 a prime number?
False
Is 430601597 prime?
False
Is 26761174807 a composite number?
True
Is 48865002743 composite?
False
Is 519296143 composite?
True
Is 129399659 prime?
False
Is 5211271693 prime?
False
Is 111088455539 a composite number?
False
Is 843431387 prime?
False
Is 20139062689 prime?
True
Is 615850019 a composite number?
False
Is 164318333 a composite number?
False
Is 8653498153 prime?
True
Is 13780689853 a composite number?
True
Is 127064164367 a prime number?
False
Is 29634015037 prime?
False
Is 320304510049 composite?
True
Is 14031899381 a composite number?
False
Is 33096478159 a prime number?
True
Is 4126450985 prime?
False
Is 846936483 prime?
False
Is 368689681 a composite number?
True
Is 65510320739 a prime number?
True
Is 13122563 composite?
True
Is 14222504122 prime?
False
Is 1529315527 a composite number?
False
Is 509669143 prime?
False
Is 5071269607 a prime number?
False
Is 2641584283 prime?
False
Is 1594484609 prime?
False
Is 35447834459 composite?
True
Is 3778988449 prime?
True
Is 526350347 prime?
False
Is 1372265113 composite?
False
Is 35190862511 a composite number?
True
Is 24146238503 prime?
False
Is 470490857 prime?
False
Is 35494177339 prime?
False
Is 965895221 prime?
True
Is 4099659031 a prime number?
False
Is 25585318261 prime?
True
Is 60704167 a prime number?
False
Is 6459142843 composite?
True
Is 197674114663 composite?
False
Is 3637459867 a composite number?
True
Is 24347459953 a composite number?
True
Is 10683859297 a composite number?
True
Is 14332394269 a prime number?
False
Is 18137962903 a composite number?
True
Is 292130454089 a prime number?
True
Is 40657395433 a prime number?
True
Is 1954994983 composite?
True
Is 15747449167 a composite number?
False
Is 1135816069 composite?
True
Is 2247802783 composite?
True
Is 26215438 a prime number?
False
Is 1039970311 prime?
False
Is 5099656559 a composite number?
True
Is 6697468903 a composite number?
True
Is 362835223 prime?
True
Is 1616504753 a composite number?
True
Is 2364251179 a prime number?
False
Is 30297013333 prime?
False
Is 2738725331 prime?
True
Is 150476147 composite?
False
Is 18747972739 a composite number?
True
Is 2294677097 prime?
False
Is 24756945833 a composite number?
False
Is 241577309 a prime number?
True
Is 12408140191 a composite number?
False
Is 299578397 composite?
False
Is 32651059541 prime?
False
Is 694014857 a prime number?
False
Is 944416159 a composite number?
True
Is 2045578237 prime?
False
Is 36344773 a composite number?
False
Is 13656016637 a prime number?
True
Is 2696184011 composite?
False
Is 35720879 a prime number?
True
Is 9174996218 a prime number?
False
Is 461778063 composite?
True
Is 3806927269 a prime number?
False
Is 4167486263 a prime number?
True
Is 112521444437 prime?
False
Is 244911155 a composite number?
True
Is 1166558857 a prime number?
False
Is 443812511 a composite number?
False
Is 327718159 a prime number?
True
Is 477904819 prime?
False
Is 46827116027 a prime number?
True
Is 23134969357 composite?
True
Is 2269951538 a prime number?
False
Is 437730149 prime?
False
Is 207693629921 prime?
True
Is 7256104459 a prime number?
True
Is 54273875527 prime?
True
Is 17564674087 a composite number?
True
Is 33498171383 composite?
True
Is 132783067 prime?
True
Is 1902174411 composite?
True
Is 204519988403 a composite number?
True
Is 7909591201 a composite number?
False
Is 82937291 a composite number?
True
Is 53749197991 composite?
False
Is 3765294017 prime?
True
Is 808819463 a composite number?
True
Is 711881917 prime?
True
Is 84509249 a composite number?
True
Is 2001510083 a composite number?
True
Is 92248777277 prime?
True
Is 129968413 composite?
False
Is 429587039 a prime number?
False
Is 899032817 composite?
False
Is 5242149907 a prime number?
False
Is 263506999793 prime?
True
Is 350718911 a composite number?
False
Is 6691804577 a composite number?
True
Is 2085269831 a prime number?
True
Is 28589809 a prime number?
True
Is 7998739801 a composite number?
True
Is 65419326893 a 